- 6*f = -3*f + 1000, 0 = -3*m - 4*f - 611. Let o be 0/(27/9) - (376 + -1). Let x = m - o. Is x a composite number?
True
Suppose 841*q = -2*b + 836*q + 533128, 533080 = 2*b - 3*q. Is b composite?
False
Suppose z - 92635 = -5*m, -75361 - 17274 = -5*m - 4*z. Is m composite?
True
Suppose 15 + 35 = 10*p. Suppose -2*q + 530 = -0*q + 4*a, -p*a = q - 250. Suppose -6*l = -q - 31. Is l composite?
True
Suppose -4*x - 3*l + 13 = 0, 2*x - 2 - 4 = -2*l. Let p be x*((-4)/6)/((-18)/27). Is p + 2/(6/99) a composite number?
False
Let m be 35/25 - (-3)/5. Let x(b) = -21*b**3 + b + 1. Let g be x(m). Is (-128835)/g + (-4)/(-22) a prime number?
False
Let x(h) = -3456*h**2 - 17*h - 27. Let q(a) = -6913*a**2 - 35*a - 51. Let w(n) = -3*q(n) + 5*x(n). Is w(-1) composite?
False
Let d(b) = -2*b + 5. Let j be d(24). Let s = 176 + j. Is s a composite number?
True
Suppose 4*z + 1158575 = 178*d - 177*d, 4*z = 4*d - 4634360. Is d prime?
False
Let j be (-8022)/(-3) + (-25)/5. Let u = j - 1882. Is u prime?
True
Let n = 170020 - -257193. Is n prime?
True
Suppose -c + 3*i + 6 + 11 = 0, -3*c + 2*i + 16 = 0. Let f(m) = 2*m**3 - 8*m**2 + 7*m - 11 - 13*m**3 - m**c + 10*m**3. Is f(-10) prime?
True
Let b(l) = 2323*l**2 - 168*l + 1000. Is b(19) composite?
True
Is -9 + 30715 + (26 - 11) composite?
True
Suppose 231*c + 67*c - 2161555 = 4993723. Is c a composite number?
True
Suppose 141*m + 5156673 = 7706940 + 5755620. Is m a composite number?
False
Let n(t) = -26*t**3 + 5*t**2 - 5*t + 2. Let x be n(2). Let f = x - 319. Let p = f - -1080. Is p composite?
True
Suppose 0 = -5*u - 5*k + 94860, u + 0*k - 18977 = 4*k. Suppose -u = -5*p + 19632. Is p a composite number?
True
Is ((-3)/(9/11))/(104/(-25243608)) a prime number?
False
Suppose 0 = -4*y + 2*s + 649438, -5*s + 324713 = 74*y - 72*y. Is y a composite number?
False
Suppose 3*h = 4*t + 9243, -3*h + 5*t + 0*t = -9243. Suppose 8*n - 1375 = h. Is n prime?
True
Let f(j) = -14*j - 5. Let p be f(-4). Let q be -3*-4*2/12. Suppose q*d - l = 66, -l = -4*d + 77 + p. Is d a prime number?
True
Suppose 3*h - 4*o = 17891, -h + o - 11942 = -3*h. Is h composite?
True
Let h = -16551 + 26941. Suppose -100*c = -90*c - h. Is c prime?
True
Let w be (-2 + -2 + 10)*(-13)/(-39). Suppose 1224 = -3*y + 2*n - 0*n, -y + n - 407 = 0. Is 2 - w*(y/4 - -3) composite?
True
Let n(c) = -478*c + 14325*c**3 - 1 + 491*c - 14328*c**3. Let i(k) = -k + 3. Let d be i(7). Is n(d) a composite number?
False
Suppose 0 = 2*t - 0*t + 3*x + 6153, -3*t - 5*x = 9228. Let q be (3/(-9))/(1 - (-3082)/t). Suppose 4*v - q = -95. Is v a composite number?
False
Let n = -36 - -35. Let h be (-2)/9 + (n - 76/(-18)). Suppose h*w - 588 - 405 = 0. Is w a composite number?
False
Suppose -5*h - 170246 = -10*h + m, -5*m + 136191 = 4*h. Is h a prime number?
False
Let z(l) = 5*l + 240. Let b be z(-47). Suppose b*o = -c + 13152, -7*o + 6*o - 2 = 0. Is c prime?
False
Let z(r) = -2*r**3 + 6*r - 40 - 9*r**2 + 43 + r**2. Let n be z(6). Let a = n + 1012. Is a a prime number?
True
Suppose -5*c = -10*c + 25. Suppose c*m + 17 = 3*z, -m + 5*z = -3 + 24. Is ((-10746)/3)/(-3) + 0 + m prime?
True
Let j(i) be the second derivative of 11*i**4/2 - 10*i**3/3 + 97*i**2/2 + 101*i + 1. Is j(13) a prime number?
False
Let i(b) = -5*b**3 + 25*b**2 + 33*b - 12. Let w be i(6). Suppose 5*h + 10*x - 5*x = -635, 650 = -5*h - 2*x. Is 5/w + -1 - 254914/h a composite number?
False
Suppose -248 = -19*d + 246. Let x(r) = r**3 - 14*r**2 - 25*r + 1. Is x(d) a prime number?
False
Let v(q) = -16824*q - 5875. Is v(-24) a composite number?
True
Let j(d) = -14*d - 235. Let c be j(-17). Suppose c*n - 5991 = -w - 615, -n + 1805 = -4*w. Is n a prime number?
False
Suppose -8*q = -6*q - 0*q. Let t(d) = -d**2 - 3*d + 4. Let x be t(q). Suppose x*o - 5152 - 1463 = -u, -2*u = o - 1645. Is o prime?
False
Suppose 3*h = h + 8. Suppose w + 5 = -4*j - 3, -h*j = -4*w + 8. Suppose w*k = 4*k - 1628. Is k a composite number?
True
Suppose 0 = -5*k + 35 - 10. Let p(i) = 39*i**2 + 5*i - 42. Is p(k) prime?
False
Suppose -4 = -23*i + 22*i. Suppose -i*m - 5*a - 2 - 10 = 0, -3*m + 5*a + 26 = 0. Suppose -5*l + t + 3389 = 0, -m*l + t + 2*t + 1366 = 0. Is l a prime number?
True
Suppose -5*t + 18 = -s + 2*s, 9 = 3*s. Let q(k) = -t - 3 + 113*k - 4. Is q(3) prime?
False
Let c(z) = 255*z**2 - 17*z - 25. Let t be c(-3). Suppose 2*v - t = 1101. Is v a prime number?
False
Let y be (-3)/(-4) + (-1)/(-4). Suppose -3*j = 3*k + 253 + 581, -4*k + j = 1117. Is ((y - 3) + 3)/((-3)/k) composite?
True
Let z be (1 - -6)*2/2. Let y = 897 + 1934. Suppose 0 = z*h - 2986 - y. Is h prime?
False
Let d = 81 + -156. Is 2 + 2231/3 + 50/d prime?
False
Let m = -71 - -76. Suppose 4*t = -h + 3160, -4*t - 5*h = t - 3965. Suppose -m*j + t = -1321. Is j prime?
False
Suppose -26*w = -25*w + 364. Let o be 4 - 1 - (-6)/1. Let x = o - w. Is x composite?
False
Is 1102136/(-2)*4/(-16) a prime number?
False
Let q(s) = 7*s**2 - 10*s + 31. Suppose -2*m = 6*m + 112. Is q(m) prime?
True
Let h(g) = -g + 16. Let s be h(12). Suppose -20904 = -s*u - 5*i, -u - 20888 = -5*u - i. Is u a composite number?
True
Let w(s) = 14174*s**3 - 3*s**2 + s + 1. Let o = -122 + 123. Is w(o) prime?
True
Suppose -x - 231672 = -2*z - 3*z, -2*x + 185346 = 4*z. Suppose -3*r - 12*r = -z. Is r prime?
True
Let m(c) = -233428*c - 4539. Is m(-4) prime?
False
Suppose -61*u - 16907 = -50*u. Let j = 17570 + u. Is j a composite number?
False
Let k(o) = -76*o**3 - 112*o**2 + 39*o - 8. Let r(f) = -15*f**3 - 23*f**2 + 8*f - 1. Let z(n) = -2*k(n) + 11*r(n). Is z(-7) composite?
True
Let j(i) = 75090*i**2 + 23*i + 68. Is j(-3) prime?
False
Let t(w) = -w + 17. Let b be t(15). Let r(s) = s + 10 - 4*s + 2*s**b + 0*s. Is r(-7) prime?
False
Suppose -x + 0*x + 196112 = 22069. Is x a prime number?
False
Is -10 - ((6 - 20) + -246685) a composite number?
False
Let z(f) be the third derivative of 7*f**4/2 - 67*f**3/6 - 10*f**2 + f. Is z(12) a composite number?
False
Suppose 0 = -17*i + 1986470 + 9255987. Is i a composite number?
False
Let h = 10 + 3. Suppose -x - 5 = -3*q, 3 - h = -3*q - 4*x. Suppose -3*l + 4*s = -7559, -5*l - 10086 = -9*l - q*s. Is l a composite number?
False
Let c(z) = 7922*z**2 - 22*z - 1. Is c(6) a composite number?
True
Let l(a) = -a**3 + a**2 - 189*a + 21551. Is l(0) a composite number?
True
Suppose 13*t = -2*q + 8*t + 333903, -3*t - 667793 = -4*q. Is q composite?
False
Suppose 54931 = 5*q - 3*j, -q + 5*q - 43934 = -3*j. Suppose -q = -12*y + 50083. Is y composite?
True
Let c = 1879 - 599. Let s = c - 247. Is s + 3 - (4 + -7) a prime number?
True
Suppose -507*s - 4*z + 130655 = -504*s, 0 = 5*s + 4*z - 217737. Is s a composite number?
False
Suppose -35*b = -45*b + 641470. Suppose 10*a = -11557 + b. Is a a composite number?
True
Let n be 83249/(-1079) + 4/26. Let w(h) = 6*h**2 + 6*h - 8. Let g be w(-6). Let d = g + n. Is d a prime number?
False
Suppose -3*w = n - 5652, -60*w - 7555 = -64*w + 5*n. Let p = 10 + 0. Suppose p*r - 5*r - w = 0. Is r composite?
True
Let q(x) = 1187*x**3 - 7*x**2 - 39*x + 158. Is q(3) prime?
True
Suppose 6 = 2*y + 3*t, 0 = 3*y + 2*t + 5 - 14. Suppose -y*g = 4*d - 14, -d + 6 = g + g. Suppose -g*c + 317 = -279. Is c a prime number?
False
Let i(z) = -z**3 - 6*z + 2503. Let t be i(0). Suppose -43*q = -45*q + m + 5006, q = -4*m + t. Is q a prime number?
True
Suppose a - 14*a - 52 = 0. Let r(d) = -34*d**3 - 3*d**2 - 6*d - 3. Is r(a) a prime number?
False
Let l(o) = o + 23. Let p be l(-18). Suppose 0 = -4*f + 4*m + 16, p*f = -0*m - m + 8. Is (3 - f)*0 + 145 a prime number?
False
Suppose -827283 - 834223 = -25*r + 3*r. Is r a prime number?
False
Let w = 82 - -48. Suppose 259 = t - w. Suppose -2*f = -f - t. Is f a prime number?
True
Let c(o) = 314*o**2 - o - 2. Let a be c(-1). Let y(i) = 15*i**3 - 3*i**2 + i. Let f be y(2). Let v = a - f. Is v a prime number?
False
Suppose -k = -c - 1, -3 + 10 = 5*k - 3*c. Let r be ((-2)/k + -1)*(-5 - -3). Suppose -a + 3526 = 2*x + a, -r*x + 7028 = -2*a. Is x a prime number?
True
Let v = -15 - -12. Let p be 404*36/16*(-2)/v. Suppose 9*k = 6*k + p. Is k a prime number?
False
Let t(m) be the third derivative of m**6/40 - 7*m**5/20 + m**4/24 - 2*m**3/3 + 46*m**2. Is t(9) a composite number?
False
Let x(p) = 1481*p - 2302. Is x(9) prime?
True
Let k be (-63)/4*-2*(-56)/42. Let c be 103/(((-12)/k)/(